ist the prime factors of 518354.
2, 259177
What are the prime factors of 545277?
3, 181759
What are the prime factors of 832137?
3, 103, 2693
List the prime factors of 715922.
2, 311, 1151
List the prime factors of 6301208.
2, 41, 19211
What are the prime factors of 547300?
2, 5, 13, 421
What are the prime factors of 1675337?
919, 1823
List the prime factors of 3256061.
17, 191533
What are the prime factors of 133688?
2, 17, 983
What are the prime factors of 10453839?
3, 11, 316783
What are the prime factors of 2728116?
2, 3, 75781
List the prime factors of 305264.
2, 19079
List the prime factors of 8834500.
2, 5, 17669
What are the prime factors of 201418?
2, 7, 14387
What are the prime factors of 12657586?
2, 6328793
What are the prime factors of 88724?
2, 41, 541
List the prime factors of 1843380.
2, 3, 5, 7, 11, 19
What are the prime factors of 3731936?
2, 13, 8971
List the prime factors of 3860383.
3860383
What are the prime factors of 5241447?
3, 23, 25321
What are the prime factors of 6235862?
2, 131, 23801
What are the prime factors of 399833?
7, 57119
List the prime factors of 122133.
3, 11, 3701
List the prime factors of 155356.
2, 38839
List the prime factors of 421469.
421469
List the prime factors of 6239778.
2, 3, 197, 5279
What are the prime factors of 126655?
5, 73, 347
List the prime factors of 522223.
13, 17, 139
List the prime factors of 2225370.
2, 3, 5, 7, 10597
List the prime factors of 17984903.
79, 251, 907
List the prime factors of 773665.
5, 154733
List the prime factors of 1474708.
2, 29, 12713
List the prime factors of 975393.
3, 108377
List the prime factors of 511184.
2, 43, 743
What are the prime factors of 6673672?
2, 491, 1699
What are the prime factors of 6821284?
2, 17, 100313
List the prime factors of 11907207.
3, 13, 101771
What are the prime factors of 24223331?
11, 2202121
List the prime factors of 168628.
2, 42157
What are the prime factors of 1029404?
2, 257351
List the prime factors of 158258.
2, 53, 1493
List the prime factors of 22400968.
2, 17, 9689
What are the prime factors of 274351?
7, 11, 509
List the prime factors of 222918.
2, 3, 53, 701
What are the prime factors of 946248?
2, 3, 89, 443
What are the prime factors of 138573?
3, 89, 173
What are the prime factors of 169890?
2, 3, 5, 7, 809
What are the prime factors of 33904671?
3, 11301557
What are the prime factors of 4001428?
2, 1000357
List the prime factors of 239141.
7, 127, 269
List the prime factors of 20644267.
7, 151, 19531
List the prime factors of 709027.
11, 43, 1499
What are the prime factors of 189567?
3, 7, 17, 59
What are the prime factors of 1750590?
2, 3, 5, 53, 367
List the prime factors of 27286043.
53, 514831
List the prime factors of 11824697.
11824697
List the prime factors of 2249708.
2, 562427
List the prime factors of 1831250.
2, 5, 293
What are the prime factors of 828961?
7, 118423
What are the prime factors of 1259822?
2, 109, 5779
What are the prime factors of 979304?
2, 163, 751
What are the prime factors of 2487241?
67, 37123
What are the prime factors of 27856853?
47, 53, 211
List the prime factors of 10215727.
79, 129313
List the prime factors of 258355.
5, 163, 317
What are the prime factors of 238630?
2, 5, 7, 487
What are the prime factors of 6320435?
5, 11, 31, 337
List the prime factors of 71063.
179, 397
What are the prime factors of 5296381?
31, 170851
What are the prime factors of 922947?
3, 17, 18097
What are the prime factors of 7141507?
1181, 6047
What are the prime factors of 787896?
2, 3, 31, 353
List the prime factors of 8033933.
8033933
List the prime factors of 3604964.
2, 11, 81931
List the prime factors of 115232.
2, 13, 277
List the prime factors of 1981732.
2, 495433
What are the prime factors of 15185277?
3, 47, 35899
What are the prime factors of 404205?
3, 5, 26947
List the prime factors of 558843.
3, 109, 1709
List the prime factors of 1993904.
2, 11, 11329
What are the prime factors of 1342287?
3, 149143
List the prime factors of 128059.
79, 1621
What are the prime factors of 94877?
17, 5581
List the prime factors of 18884642.
2, 7, 31, 53, 821
What are the prime factors of 7629835?
5, 1525967
List the prime factors of 3316426.
2, 1658213
List the prime factors of 952353.
3, 105817
List the prime factors of 414359.
11, 139, 271
What are the prime factors of 4081681?
151, 27031
What are the prime factors of 2161817?
7, 53, 5827
List the prime factors of 186573.
3, 62191
What are the prime factors of 234702?
2, 3, 13, 17, 59
What are the prime factors of 6554014?
2, 41, 257, 311
What are the prime factors of 1322078?
2, 43, 15373
What are the prime factors of 595210?
2, 5, 7, 11, 773
List the prime factors of 4937614.
2, 11, 103, 2179
What are the prime factors of 4612162?
2, 2306081
What are the prime factors of 2087630?
2, 5, 191, 1093
List the prime factors of 480677.
23, 20899
List the prime factors of 2801930.
2, 5, 19, 14747
List the prime factors of 5426605.
5, 37, 29333
List the prime factors of 310374.
2, 3, 43, 401
What are the prime factors of 1903197?
3, 523, 1213
List the prime factors of 393493.
43, 9151
List the prime factors of 4116160.
2, 5, 19, 677
List the prime factors of 230483.
11, 23, 911
What are the prime factors of 334125?
3, 5, 11
List the prime factors of 1510673.
37, 40829
What are the prime factors of 10456290?
2, 3, 5, 13, 331
List the prime factors of 769858.
2, 73, 5273
List the prime factors of 159425.
5, 7, 911
List the prime factors of 214997.
163, 1319
What are the prime factors of 37836?
2, 3, 1051
List the prime factors of 359153.
359153
List the prime factors of 203444.
2, 181, 281
List the prime factors of 141092.
2, 7, 5039
List the prime factors of 566174.
2, 7, 37, 1093
List the prime factors of 5265181.
139, 37879
What are the prime factors of 286050?
2, 3, 5, 1907
What are the prime factors of 3970770?
2, 3, 5, 107, 1237
List the prime factors of 988769.
613, 1613
What are the prime factors of 11879927?
3203, 3709
What are the prime factors of 3597717?
3, 523, 2293
List the prime factors of 133060.
2, 5, 6653
What are the prime factors of 17795644?
2, 787, 5653
List the prime factors of 3457809.
3, 42689
List the prime factors of 1537069.
103, 14923
What are the prime factors of 2342388?
2, 3, 29, 53, 127
What are the prime factors of 830340?
2, 3, 5, 7, 659
List the prime factors of 3004788.
2, 3, 241, 1039
What are the prime factors of 112651?
7, 11, 19
List the prime factors of 687926.
2, 343963
What are the prime factors of 280985?
5, 56197
What are the prime factors of 4853457?
3, 7, 41, 1879
What are the prime factors of 300687?
3, 73, 1373
List the prime factors of 436921.
661
List the prime factors of 697443.
3, 383, 607
List the prime factors of 1937684.
2, 7, 69203
List the prime factors of 3252628.
2, 813157
What are the prime factors of 158726?
2, 19, 4177
List the prime factors of 1368551.
17, 19, 223
What are the prime factors of 1477020?
2, 3, 5, 103, 239
List the prime factors of 716864.
2, 23, 487
What are the prime factors of 4622458?
2, 61, 37889
List the prime factors of 456741.
3, 19, 2671
List the prime factors of 218177.
19, 11483
What are the prime factors of 395963?
31, 53, 241
What are the prime factors of 1423527?
3, 7, 53, 1279
What are the prime factors of 2260392?
2, 3, 19, 4957
What are the prime factors of 39075?
3, 5, 521
What are the prime factors of 80977?
13, 6229
List the prime factors of 86919.
3, 7, 4139
List the prime factors of 282823.
151, 1873
What are the prime factors of 606384?
2, 3, 4211
List the prime factors of 8476279.
7, 1210897
List the prime factors of 1678806.
2, 3, 43, 241
What are the prime factors of 9292?
2, 23, 101
What are the prime factors of 482906?
2, 241453
List the prime factors of 5639362.
2, 2819681
List the prime factors of 272997.
3, 10111
What are the prime factors of 883682?
2, 441841
What are the prime factors of 15825?
3, 5, 211
What are the prime factors of 272536?
2, 11, 19, 163
What are the prime factors of 1768797?
3, 29, 251
List the prime factors of 14096497.
41, 343817
What are the prime factors of 340672?
2, 5323
What are the prime factors of 102271?
13, 7867
List the prime factors of 14075930.
2, 5, 11, 11633
List the prime factors of 881346.
2, 3, 146891